mainder when 11934 is divided by 7.
6
Calculate the remainder when 348 is divided by 51.
42
Calculate the remainder when 4176 is divided by 209.
205
What is the remainder when 5857 is divided by 255?
247
What is the remainder when 156 is divided by 20?
16
Calculate the remainder when 68 is divided by 25.
18
Calculate the remainder when 477 is divided by 61.
50
What is the remainder when 301 is divided by 18?
13
Calculate the remainder when 805 is divided by 10.
5
Calculate the remainder when 28 is divided by 11.
6
What is the remainder when 1313 is divided by 353?
254
What is the remainder when 376 is divided by 8?
0
Calculate the remainder when 902 is divided by 147.
20
Calculate the remainder when 2867 is divided by 14.
11
What is the remainder when 140 is divided by 40?
20
Calculate the remainder when 508 is divided by 70.
18
Calculate the remainder when 392 is divided by 30.
2
What is the remainder when 282 is divided by 17?
10
What is the remainder when 1635 is divided by 33?
18
Calculate the remainder when 275 is divided by 93.
89
Calculate the remainder when 66 is divided by 12.
6
What is the remainder when 422 is divided by 123?
53
Calculate the remainder when 8233 is divided by 18.
7
What is the remainder when 40948 is divided by 39?
37
Calculate the remainder when 2894 is divided by 138.
134
Calculate the remainder when 326 is divided by 10.
6
What is the remainder when 292 is divided by 205?
87
Calculate the remainder when 61 is divided by 13.
9
Calculate the remainder when 7074 is divided by 58.
56
What is the remainder when 756 is divided by 173?
64
What is the remainder when 95 is divided by 21?
11
Calculate the remainder when 924 is divided by 59.
39
What is the remainder when 1433 is divided by 48?
41
What is the remainder when 568 is divided by 19?
17
What is the remainder when 272 is divided by 88?
8
What is the remainder when 17531 is divided by 22?
19
Calculate the remainder when 133 is divided by 23.
18
Calculate the remainder when 354 is divided by 49.
11
Calculate the remainder when 699 is divided by 68.
19
What is the remainder when 1186 is divided by 234?
16
What is the remainder when 131 is divided by 27?
23
What is the remainder when 99 is divided by 92?
7
What is the remainder when 388 is divided by 23?
20
Calculate the remainder when 173 is divided by 92.
81
What is the remainder when 189 is divided by 64?
61
What is the remainder when 137 is divided by 75?
62
Calculate the remainder when 1360 is divided by 662.
36
What is the remainder when 170 is divided by 25?
20
What is the remainder when 131 is divided by 78?
53
Calculate the remainder when 236 is divided by 39.
2
Calculate the remainder when 942 is divided by 159.
147
Calculate the remainder when 270 is divided by 21.
18
What is the remainder when 454 is divided by 91?
90
What is the remainder when 41 is divided by 4?
1
Calculate the remainder when 1193 is divided by 584.
25
Calculate the remainder when 2254 is divided by 48.
46
Calculate the remainder when 2341 is divided by 67.
63
What is the remainder when 1216 is divided by 604?
8
What is the remainder when 72 is divided by 38?
34
What is the remainder when 1069 is divided by 51?
49
What is the remainder when 833 is divided by 139?
138
Calculate the remainder when 657 is divided by 47.
46
What is the remainder when 736 is divided by 85?
56
What is the remainder when 74 is divided by 15?
14
What is the remainder when 282 is divided by 134?
14
What is the remainder when 2369 is divided by 88?
81
What is the remainder when 161 is divided by 10?
1
Calculate the remainder when 165 is divided by 52.
9
What is the remainder when 274 is divided by 35?
29
Calculate the remainder when 93 is divided by 12.
9
What is the remainder when 227 is divided by 89?
49
What is the remainder when 1398 is divided by 156?
150
Calculate the remainder when 1249 is divided by 57.
52
Calculate the remainder when 297 is divided by 34.
25
What is the remainder when 4562 is divided by 14?
12
What is the remainder when 513 is divided by 7?
2
Calculate the remainder when 169 is divided by 112.
57
Calculate the remainder when 389 is divided by 27.
11
What is the remainder when 13727 is divided by 136?
127
What is the remainder when 252 is divided by 133?
119
What is the remainder when 30 is divided by 3?
0
Calculate the remainder when 216 is divided by 28.
20
What is the remainder when 511 is divided by 166?
13
Calculate the remainder when 332 is divided by 9.
8
Calculate the remainder when 495 is divided by 42.
33
What is the remainder when 168 is divided by 20?
8
Calculate the remainder when 112 is divided by 38.
36
Calculate the remainder when 751 is divided by 13.
10
Calculate the remainder when 80 is divided by 28.
24
Calculate the remainder when 312 is divided by 21.
18
What is the remainder when 248 is divided by 140?
108
Calculate the remainder when 132 is divided by 59.
14
What is the remainder when 144 is divided by 32?
16
What is the remainder when 897 is divided by 64?
1
What is the remainder when 861 is divided by 1?
0
What is the remainder when 476 is divided by 96?
92
Calculate the remainder when 102 is divided by 15.
12
Calculate the remainder when 5361 is divided by 25.
11
Calculate the remainder when 3 is divided by 3.
0
What is the remainder when 270 is divided by 86?
12
What is the remainder when 2669 is divided by 28?
9
Calculate the remainder when 138 is divided by 14.
12
Calculate the remainder when 188 is divided by 16.
12
What is the remainder when 132 is divided by 14?
6
What is the remainder when 457 is divided by 77?
72
Calculate the remainder when 415 is divided by 21.
16
What is the remainder when 1119 is divided by 65?
14
Calculate the remainder when 632 is divided by 173.
113
Calculate the remainder when 285 is divided by 116.
53
What is the remainder when 28 is divided by 15?
13
What is the remainder when 66 is divided by 17?
15
What is the remainder when 770 is divided by 23?
11
What is the remainder when 172 is divided by 83?
6
What is the remainder when 355 is divided by 40?
35
Calculate the remainder when 186 is divided by 57.
15
Calculate the remainder when 117 is divided by 8.
5
Calculate the remainder when 269 is divided by 68.
65
Calculate the remainder when 879 is divided by 16.
15
Calculate the remainder when 473 is divided by 76.
17
What is the remainder when 112 is divided by 59?
53
What is the remainder when 269 is divided by 64?
13
Calculate the remainder when 57 is divided by 38.
19
What is the remainder when 2202 is divided by 63?
60
What is the remainder when 75 is divided by 48?
27
What is the remainder when 995 is divided by 405?
185
Calculate the remainder when 25 is divided by 5.
0
Calculate the remainder when 8 is divided by 3.
2
What is the remainder when 62 is divided by 9?
8
Calculate the remainder when 1907 is divided by 67.
31
Calculate the remainder when 1006 is divided by 84.
82
Calculate the remainder when 220 is divided by 58.
46
Calculate the remainder when 638 is divided by 27.
17
Calculate the remainder when 726 is divided by 115.
36
What is the remainder when 959 is divided by 3?
2
What is the remainder when 15085 is divided by 141?
139
Calculate the remainder when 76 is divided by 6.
4
Calculate the remainder when 51 is divided by 45.
6
What is the remainder when 120 is divided by 63?
57
What is the remainder when 4 is divided by 4?
0
Calculate the remainder when 2396 is divided by 20.
16
What is the remainder when 242 is divided by 21?
11
Calculate the remainder when 765 is divided by 148.
25
What is the remainder when 13 is divided by 11?
2
Calculate the remainder when 37 is divided by 6.
1
Calculate the remainder when 1841 is divided by 142.
137
What is the remainder when 54 is divided by 12?
6
Calculate the remainder when 1080 is divided by 57.
54
Calculate the remainder when 206 is divided by 36.
26
Calculate the remainder when 130 is divided by 34.
28
Calculate the remainder when 4 is divided by 1.
0
What is the remainder when 590 is divided by 35?
30
What is the remainder when 670 is divided by 21?
19
Calculate the remainder when 155 is divided by 12.
11
Calculate the remainder when 101 is divided by 21.
17
Calculate the remainder when 36 is divided by 10.
6
